nd 648?
648
What is the highest common factor of 44044668 and 540?
108
Calculate the greatest common divisor of 64432665 and 660.
165
Calculate the greatest common factor of 840900 and 300.
300
Calculate the highest common factor of 24932 and 2005942.
542
What is the greatest common factor of 15 and 4614920?
5
What is the greatest common divisor of 84456 and 113781?
1173
Calculate the highest common factor of 201655727 and 1274.
637
Calculate the greatest common divisor of 4470852 and 10944.
228
Calculate the highest common factor of 16219203 and 105633.
363
Calculate the highest common factor of 275540 and 2530.
230
What is the highest common divisor of 2182245 and 3795915?
5415
Calculate the greatest common divisor of 2596 and 44611316.
236
Calculate the highest common factor of 6 and 154342929.
3
What is the highest common divisor of 33075 and 1347700?
25
Calculate the greatest common factor of 441 and 19278399.
21
Calculate the greatest common factor of 943104523 and 863.
863
What is the greatest common factor of 4096 and 2796864?
64
Calculate the greatest common divisor of 20230 and 523460.
70
Calculate the greatest common divisor of 31968977 and 20365.
4073
Calculate the greatest common factor of 15200 and 2238400.
800
What is the highest common divisor of 1256 and 15320531?
157
Calculate the greatest common divisor of 2285730 and 47742.
654
What is the greatest common factor of 1799919 and 1386?
99
What is the highest common factor of 4175859 and 387?
129
Calculate the greatest common divisor of 2587 and 567151.
13
Calculate the highest common factor of 33549195 and 6105.
555
Calculate the highest common divisor of 756 and 629248284.
756
Calculate the greatest common divisor of 517 and 33188298.
517
What is the greatest common divisor of 7890 and 157213510?
2630
What is the greatest common divisor of 3484602 and 9702?
198
What is the highest common divisor of 115209122 and 1330?
266
Calculate the highest common divisor of 855 and 137085741.
171
Calculate the highest common factor of 75412005 and 345.
15
What is the greatest common divisor of 63216 and 6600?
24
Calculate the highest common factor of 40786705 and 230.
115
Calculate the greatest common divisor of 52666 and 1908590.
34
What is the highest common factor of 16 and 12370808?
8
What is the greatest common divisor of 183472230 and 60?
30
Calculate the greatest common divisor of 33880 and 80069330.
1210
What is the highest common factor of 1659 and 22429722?
21
What is the highest common factor of 42 and 418897738?
14
What is the highest common factor of 259802238 and 66?
6
What is the highest common factor of 5029476 and 15282?
1698
What is the highest common factor of 1918 and 82252882?
274
Calculate the highest common factor of 223044736 and 2.
2
Calculate the greatest common factor of 4235884 and 320212.
1108
Calculate the greatest common factor of 23430416 and 48.
16
Calculate the greatest common factor of 4133 and 42433511.
4133
Calculate the greatest common factor of 518588 and 105.
7
What is the highest common divisor of 10969 and 791518339?
1567
What is the highest common factor of 10446411 and 93?
93
What is the highest common divisor of 259 and 728493?
37
What is the highest common factor of 5 and 176089?
1
Calculate the highest common divisor of 315198394 and 22708.
11354
What is the greatest common factor of 9916580 and 20?
20
What is the greatest common divisor of 14479692 and 1441?
131
What is the highest common factor of 13 and 1003381?
1
Calculate the greatest common factor of 41232748 and 33610.
6722
Calculate the highest common divisor of 2 and 358513.
1
Calculate the highest common factor of 78 and 3838653.
39
Calculate the highest common factor of 1390 and 412630.
10
Calculate the greatest common divisor of 459 and 14365.
17
What is the greatest common divisor of 436131 and 130413?
87
What is the greatest common factor of 75257 and 825643?
91
What is the greatest common factor of 468 and 420257448?
468
Calculate the highest common factor of 656944 and 20064.
304
Calculate the highest common divisor of 12151673 and 11156.
2789
What is the greatest common factor of 5054 and 594244?
266
Calculate the greatest common divisor of 233865560 and 180.
20
What is the greatest common factor of 1785 and 5183385?
255
What is the greatest common factor of 6985 and 341330?
55
Calculate the highest common divisor of 44987404 and 616.
308
Calculate the highest common factor of 8120162 and 18243.
2027
Calculate the greatest common divisor of 95773 and 128.
1
What is the highest common factor of 50112 and 25634376?
2088
What is the greatest common divisor of 482700 and 1920?
60
Calculate the highest common divisor of 64221574 and 6770.
1354
Calculate the greatest common divisor of 18 and 2500155.
9
What is the greatest common divisor of 2650660 and 980?
20
What is the greatest common factor of 622 and 5332406?
622
Calculate the highest common divisor of 823281 and 4379.
29
Calculate the highest common factor of 1305 and 234072485.
145
What is the greatest common factor of 36963 and 6309721?
1369
What is the greatest common factor of 1778 and 52911502?
1778
What is the highest common divisor of 42527 and 40748262?
1849
What is the greatest common factor of 28118804 and 1220?
244
What is the greatest common divisor of 10332 and 325836?
252
What is the greatest common divisor of 271 and 686866031?
271
Calculate the greatest common factor of 678 and 6400659.
339
What is the greatest common divisor of 194295 and 180?
15
Calculate the greatest common divisor of 859317 and 2247.
321
What is the highest common factor of 410930 and 55042?
754
Calculate the highest common divisor of 16777892 and 106.
106
Calculate the greatest common factor of 11487 and 3210081.
21
What is the highest common factor of 564786 and 6858?
54
What is the highest common divisor of 51317470 and 915?
305
Calculate the highest common factor of 164021 and 213125.
341
What is the highest common factor of 3326190 and 990?
30
Calculate the greatest common divisor of 296 and 175885124.
148
What is the greatest common divisor of 286910 and 22945?
65
What is the greatest common divisor of 414553449 and 759?
69
What is the highest common divisor of 201254 and 340374?
94
Calculate the highest common divisor of 140630586 and 681.
681
Calculate the greatest common divisor of 2320074 and 34038.
1098
Calculate the greatest common divisor of 103885710 and 690.
690
What is the highest common divisor of 112 and 8058608?
16
What is the greatest common factor of 2528 and 13288432?
1264
What is the highest common factor of 138237 and 66?
33
What is the highest common divisor of 59137344 and 64?
64
What is the greatest common factor of 21 and 316617?
21
Calculate the highest common factor of 368 and 60308.
4
Calculate the highest common factor of 32 and 50015776.
32
What is the highest common divisor of 67920 and 9622?
566
What is the greatest common divisor of 9821533 and 28185?
1879
What is the greatest common divisor of 7933712 and 368?
368
What is the greatest common divisor of 6504 and 80798108?
1084
What is the highest common divisor of 213850 and 1757?
7
What is the greatest common divisor of 1560864 and 1015584?
6816
What is the greatest common divisor of 4114 and 26758?
34
What is the highest common factor of 75988626 and 336?
42
Calculate the highest common divisor of 15455132 and 9452.
556
Calculate the highest common factor of 11130 and 53021730.
1590
Calculate the greatest common divisor of 364 and 8301902.
14
Calculate the greatest common divisor of 9 and 2034529.
1
Calculate the highest common factor of 230 and 295564375.
115
Calculate the highest common factor of 741944 and 16552.
8
Calculate the greatest common factor of 28322 and 14786583.
833
What is the highest common divisor of 4163526345 and 165?
165
What is the highest common divisor of 1395383 and 1041814?
2699
What is the greatest common divisor of 281513 and 41441?
1429
Calculate the highest common divisor of 3556 and 696087.
889
What is the highest common divisor of 72 and 16481004?
12
Calculate the greatest common factor of 820135 and 23585.
445
Calculate the greatest common divisor of 60090896 and 31.
31
Calculate the highest common factor of 361740